r(3)?
-93
Let i(s) = s**2 - 689*s + 4762. What is i(7)?
-12
Let h(c) = -30*c**2 + 3029*c + 87. Determine h(101).
-14
Let i(a) = -a**3 + 43*a**2 + 101*a - 2507. Give i(44).
1
Let a(b) = -72*b - 354. Calculate a(-5).
6
Let j(w) = w**2 + 118*w - 1578. Determine j(12).
-18
Let n(i) = -25*i + 176. Calculate n(18).
-274
Let h(g) = -g**3 + 31*g**2 + 80*g - 468. What is h(33)?
-6
Let f(d) = -65*d + 16. What is f(1)?
-49
Let n(v) = 2*v**3 + 94*v**2 + v + 102. Determine n(-47).
55
Let m(w) = -3*w**3 - 30*w**2 + 14*w - 6. Determine m(-10).
-146
Let d(g) = -g**2 + 22*g - 183. Give d(7).
-78
Let t(g) = -2*g**2 - 74*g - 362. Determine t(-5).
-42
Let p(o) = -o**3 + 21*o**2 + 13*o + 175. Determine p(22).
-23
Let f(m) = -121*m + 2704. What is f(20)?
284
Let y(c) = 1090*c + 40327. Give y(-37).
-3
Let p(d) = -8*d**2 + 1844*d + 2806. Calculate p(232).
22
Let i(c) = 52*c**2 - 8158*c - 936. Calculate i(157).
6
Let m(r) = -r**3 - 8*r**2 - r + 8. What is m(-8)?
16
Let m(c) = 3*c**3 - 43*c**2 - 23*c - 51. Give m(15).
54
Let m(r) = -2*r**2 + 186*r - 205. Give m(92).
-21
Let z(v) = v**3 + 74*v**2 + 287*v - 129. Calculate z(-70).
-619
Let v(t) = 6*t**2 - 248*t - 8195. Determine v(63).
-5
Let y(a) = -1459*a - 3098. Calculate y(-2).
-180
Let j(v) = -v**3 - 15*v**2 + 2*v + 55. What is j(-15)?
25
Let i(a) = -290*a + 817. Calculate i(3).
-53
Let v(i) = -352*i + 42611. Determine v(121).
19
Let f(y) = 43*y**2 + 1165*y - 10. Give f(-27).
-118
Let b(x) = -4*x**2 - 53*x - 23. Calculate b(-10).
107
Let g(w) = w**3 - 4*w**2 - 44*w - 7. Calculate g(-6).
-103
Let r(z) = z**3 - 212*z - 44. Give r(0).
-44
Let z(g) = -3*g**2 - 46*g - 91. What is z(-13)?
0
Let h(g) = g**3 + 14*g**2 - 11*g + 44. Give h(-15).
-16
Let d(r) = r**2 + 99*r + 2360. Determine d(-42).
-34
Let m(p) = p**3 + 9*p**2 + 21*p + 51. Calculate m(-8).
-53
Let g(m) = -12*m**2 - 10*m + 16. Determine g(2).
-52
Let v(o) = 2*o**2 - 96*o - 172. Determine v(50).
28
Let f(s) = 39*s**2 - 92*s + 346. Calculate f(4).
602
Let n(s) = 3*s**3 + 35*s**2 - 58*s - 79. Give n(-13).
-1
Let j(t) = t**3 + 6*t**2 - 29*t - 177. Calculate j(-8).
-73
Let a(h) = -h**3 + 41*h**2 + 285*h - 354. Calculate a(-7).
3
Let d(s) = s**3 - 58*s**2 - 124*s + 81. Determine d(60).
-159
Let l(i) = 4*i + 62. What is l(-5)?
42
Let u(y) = -2027*y - 14183. What is u(-7)?
6
Let o(y) = -389*y + 773. What is o(2)?
-5
Let c(o) = 112*o + 948. Give c(-14).
-620
Let m(x) = -103*x - 4325. Calculate m(-42).
1
Let c(h) = 21*h**2 + 625*h + 466. What is c(-29)?
2
Let d(m) = -45*m - 101. Determine d(-7).
214
Let n(p) = p**3 + 5*p**2 - 44*p - 190. What is n(-8)?
-30
Let o(a) = -3*a**3 - 32*a**2 - 69*a + 42. Determine o(-8).
82
Let p(j) = 33*j**2 + 2677*j + 328. Calculate p(-81).
4
Let m(j) = 2*j**2 + 198*j + 4576. What is m(-62)?
-12
Let q(x) = -x**2 - 88*x - 1864. Calculate q(-33).
-49
Let a(k) = 77*k - 756. What is a(10)?
14
Let h(t) = -3*t**3 - 260*t**2 - 429*t - 345. Determine h(-85).
-5
Let v(q) = -4*q**2 + 342*q - 293. Determine v(85).
-123
Let r(j) = -j**3 - 18*j**2 + 2*j + 310. Determine r(-17).
-13
Let c(g) = -g**3 + 30*g**2 - 79*g - 7. Calculate c(27).
47
Let x(n) = 260*n - 2067. Calculate x(8).
13
Let v(u) = -3*u**2 + 25*u - 21. Calculate v(7).
7
Let r(z) = 18*z - 115. What is r(7)?
11
Let l(c) = -1750*c + 236247. Determine l(135).
-3
Let d(t) = t**3 + 64*t**2 + 6*t + 221. Determine d(-64).
-163
Let r(y) = -y**2 + 24*y - 134. Determine r(11).
9
Let c(f) = -113*f - 8368. Calculate c(-74).
-6
Let u(m) = -355*m**2 - 7*m - 1. Give u(-1).
-349
Let z(p) = 33*p - 5. Give z(5).
160
Let m(p) = 2*p**2 + 124*p - 235. Give m(2).
21
Let n(m) = -136*m + 631. What is n(4)?
87
Let a(j) = -j**3 + 17*j**2 + 10*j - 99. What is a(17)?
71
Let h(m) = -m**3 - 42*m**2 - 87*m - 274. Determine h(-40).
6
Let d(x) = -x**3 - 6*x**2 + 84*x - 83. Give d(6).
-11
Let p(v) = 2*v**2 + 10*v - 11. What is p(12)?
397
Let p(m) = 4*m**2 - 1811*m - 1811. Determine p(-1).
4
Let t(n) = 140*n + 994. What is t(-7)?
14
Let l(x) = -x**3 - 55*x**2 - 315*x + 23. Determine l(-6).
149
Let s(c) = -44*c - 70. Give s(-3).
62
Let k(p) = -598*p - 7776. Calculate k(-13).
-2
Let d(r) = r**3 - 5*r**2 - 26*r + 61. Determine d(3).
-35
Let b(v) = -5*v**2 - 6*v + 203. Give b(-7).
0
Let h(j) = 94*j**2 - 379*j - 12. Determine h(4).
-24
Let s(r) = -r**2 + 11*r + 129. Determine s(-7).
3
Let g(c) = -24*c**3 + 2*c + 2. Calculate g(-1).
24
Let a(x) = -x**2 + 90*x + 353. Give a(94).
-23
Let m(x) = -x**2 + 43*x + 113. Calculate m(45).
23
Let d(r) = 3*r + 270. Determine d(-91).
-3
Let r(p) = -p**3 - 30*p**2 - 104*p - 27. Determine r(-26).
-27
Let m(o) = 96*o**2 - 97*o + 284. Give m(3).
857
Let y(n) = -n**3 - 6*n**2 - 104*n - 775. Determine y(-7).
2
Let h(p) = -3*p**3 + 250*p**2 - 86*p + 233. What is h(83)?
-16
Let r(i) = -2*i - 55. Calculate r(-23).
-9
Let a(q) = 290*q + 2. Calculate a(1).
292
Let v(x) = x**3 + 17*x**2 + 44*x + 39. Calculate v(-15).
-171
Let q(v) = -2*v**3 + 5*v**2 - 9*v + 48. Determine q(6).
-258
Let q(o) = 4*o**2 - 319*o + 1494. What is q(5)?
-1
Let x(f) = 3803*f + 41834. What is x(-11)?
1
Let g(q) = q**3 + 34*q**2 + 233*q + 82. Give g(-9).
10
Let x(i) = i**2 - 36*i - 84. Calculate x(-12).
492
Let m(h) = -7*h**2 - 39*h - 35. Give m(-4).
9
Let k(c) = -c**3 + 9*c**2 - c + 17. Give k(7).
108
Let v(h) = 1203*h - 4819. Determine v(4).
-7
Let j(h) = 13*h + 19. Calculate j(-1).
6
Let g(s) = -2*s - 33. What is g(-41)?
49
Let n(p) = 24*p - 2617. Determine n(106).
-73
Let z(n) = -49*n**2 - 5*n - 10. Determine z(-1).
-54
Let y(o) = 27*o**2 + 5997*o + 641. Calculate y(-222).
-25
Let v(l) = 194*l - 3256. What is v(17)?
42
Let s(j) = -491*j + 50559. Calculate s(103).
-14
Let c(k) = -2*k**3 + 25*k**2 + 3*k + 14. Give c(13).
-116
Let s(v) = -2*v**3 - 55*v**2 - 100*v - 1957. Give s(-27).
14
Let l(k) = 13*k**2 + 152*k - 55. Give l(-12).
-7
Let g(i) = 40*i**2 + 372*i - 744. Calculate g(2).
160
Let n(h) = 57*h + 334. Give n(-6).
-8
Let m(d) = -d**3 + 29*d**2 - 24*d + 59. What is m(28)?
171
Let h(k) = 3*k**3 - 11*k**2 - 143*k - 2. Determine h(9).
7
Let u(x) = 3*x**2 - 13*x - 675. Calculate u(-13).
1
Let h(n) = -2*n**2 + 47*n - 78. Calculate h(19).
93
Let m(s) = -3676*s - 44112. What is m(-12)?
0
Let b(t) = -34*t**3 + 7*t**2 - 7*t - 9. What is b(2)?
-267
Let w(t) = -206*t + 818. Determine w(4).
-6
Let a(f) = f**2 + 7*f + 4. Calculate a(-1).
-2
Let z(f) = -2*f**2 + 28*f + 39. What is z(16)?
-25
Let o(f) = f**3 - 157*f**2 + 766*f - 906. Determine o(152).
6
Let a(g) = -51*g - 1219. Determine a(-24).
5
Let g(s) = -2*s**3 + 54*s**2 + 56*s + 6. Calculate g(28).
6
Let c(q) = 43*q + 276. Determine c(-7).
-25
Let l(r) = r**3 - 11*r**2 + 17*r + 27. Calculate l(7).
-50
Let q(y) = 27*y**2 - 519*y + 1705. Determine q(15).
-5
Let n(i) = 14*i**2 + 946*i - 396. Determine n(-68).
12
Let k(m) = -2*m**3 - 218*m**2 - 429*m - 66. Calculate k(-107).
41
Let v(m) = -m**3 + 14*m**2 - 46*m - 54. What is v(9)?
-63
Let g(r) = -35*r - 965. What is g(-31)?
120
Let k(n) = -4*n - 293. Calculate k(-50).
-93
Let a(o) = o**3 + 163*o**2 + 32*o + 5219. Determine a(-163).
3
Let z(m) = 2*m**2 + 127*m + 70. Calculate z(-63).
7
Let l(g) = -g**3 + 49*g**2 + 159*g - 166. Calculate l(52).
-10
Let v(c) = -9*c + 192. Calculate v(21).
3
Let i(v) = -2*v**3 + 41*v**2 - 50*v - 109. Calculate i(19).
24
Let h(z) = 3*z + 56. What is h(-5)?
41
Let k(l) = 2*l**3 - 100*l + 7. Give k(7).
-7
Let k(s) = s**3 + 25*s**2 - 26*s + 8. Give k(-26).
8
Let j(h) = -39*h**2 + 2*h. Give j(1).
-37
Let g(h) = 3*h + 80. Give g(-30).
-10
Let d(s) = 2*s + 125. Calculate d(-17).
91
Let b(l) = 5*l**2 + 21*l - 2. Calculate b(3).
106
Let l(t) = t**3 - 22*t**2 + 4*t - 81. Calculate l(22).
7
Let a(o) = -o**3 - 49*o**2 - 326*o + 85. Determine a(-41).
3
Let u(x) = 248*x**2 + 1495*x + 28. Calculate u(-6).
-14
Let s(l) = -17*l**2 + 41*l - 2. Determine s(4).
-110
Let w(f) = 8*f + 283. Give w(-16).
155
Let c(y) = 414*y - 3316. Determine c(8).
-4
Let z(k) = -310*k - 14264. What is z(-46)?
-4
Let d(s) = -s**3 - 6*s**2 + 12*s + 41. What is d(-7)?
6
Let b(z) = -3*z**3 + 33*z**2 + 193*z - 7. Give b(-5).
228
Let q(l) = -l**2 - 44*l + 224. Give q(5).
-21
Let j(v) = 848*v + 63. Give j(0).
63
Let q(k) = 14*k - 427. Calculate q(32).
21
Let v(n) = -250*n - 3000. Give v(-12).
0
Let r(o) = -o**3 + 41*o**2 - 145*o - 108. Determine r(37).
3